n base 10?
6801098
10b56 (base 15) to base 4
30332331
What is 11220022011 (base 3) in base 15?
1d89d
Convert -13892 (base 11) to base 16.
-4cf7
1415246 (base 7) to base 16
2e2c5
Convert -862325 (base 9) to base 6.
-15001122
-540324 (base 7) to base 13
-33909
What is 20110210210020 (base 3) in base 6?
201425140
Convert 776574 (base 8) to base 5.
31332000
-6a3be (base 15) to base 3
-122012010122
Convert -2627d (base 14) to base 4.
-112321213
Convert 15b6b (base 12) to base 9.
46522
404320323 (base 5) to base 2
110001111010110000001
Convert -5032525 (base 6) to base 10.
-237797
Convert -4188642 (base 10) to base 11.
-2400a97
Convert -131031211 (base 4) to base 2.
-11101001101100101
Convert 1120034 (base 5) to base 15.
5de9
-4b257 (base 13) to base 3
-21001102112
What is -351410311 (base 6) in base 14?
-c1937d
Convert -260cc4 (base 14) to base 8.
-4773774
-22b57 (base 13) to base 4
-33133113
323112010023 (base 4) to base 2
111011010110000100001011
What is 101110330021 (base 4) in base 7?
53415421
What is 1101100101110000101111 (base 2) in base 6?
204205131
What is 18038622 (base 9) in base 6?
522110502
Convert 2304140 (base 5) to base 7.
231013
What is -111110011111111 (base 2) in base 3?
-1121220011
2a384 (base 14) to base 7
615024
Convert 220112120022 (base 3) to base 5.
110424021
Convert 1363 (base 7) to base 8.
1027
-395aa (base 11) to base 13
-1ca0c
Convert 320474 (base 8) to base 11.
73282
Convert -546230 (base 8) to base 7.
-1362556
What is 2323020113 (base 4) in base 14?
15d491
Convert 17231b9 (base 14) to base 13.
2485888
Convert -2bb03 (base 15) to base 14.
-3948d
What is -272406 (base 8) in base 7?
-545260
Convert -433620 (base 16) to base 7.
-52303614
What is 188822 (base 9) in base 3?
12222220202
What is -120ba3 (base 12) in base 16?
-474ab
Convert -5431200 (base 6) to base 11.
-173856
Convert 305771 (base 11) to base 16.
77ced
1386a0 (base 13) to base 12
1ab354
What is -1202210122212 (base 3) in base 12?
-3945b8
Convert 8208060 (base 10) to base 8.
37237274
-1080634 (base 9) to base 5
-122200241
3398205 (base 12) to base 3
200122020100212
Convert -685680 (base 9) to base 5.
-101122420
Convert 423040 (base 7) to base 5.
4314322
What is -572787 (base 9) in base 16?
-53cec
Convert 22040245 (base 6) to base 12.
279085
-4024411 (base 5) to base 2
-1111101101100100
What is 8120408 (base 9) in base 8?
20375277
Convert 14a09b4 (base 12) to base 14.
7b1012
What is 100100001010110001 (base 2) in base 9?
245185
Convert -10022001020112 (base 3) to base 16.
-1abe74
What is 2020030122 (base 4) in base 7?
4512246
213040055 (base 6) to base 5
1432044410
-10311412 (base 6) to base 13
-a8a40
Convert -11100100101 (base 2) to base 14.
-949
-1122121201000 (base 3) to base 11
-54a910
What is -2302331213 (base 4) in base 10?
-733031
-153150 (base 8) to base 5
-3224023
4cdb6a (base 15) to base 3
20221112201101
What is -895647 (base 10) in base 9?
-1614533
194276 (base 10) to base 9
325442
What is 201401103 (base 6) in base 3?
20110122000110
-635b9 (base 12) to base 3
-20121221220
What is -2644c (base 13) in base 6?
-1304524
What is -197094 (base 10) in base 2?
-110000000111100110
What is -415153 (base 8) in base 2?
-100001101001101011
What is -3312025 (base 6) in base 9?
-271348
52a7a (base 14) to base 3
101010211221
What is 2321711 (base 8) in base 9?
1162537
c481b2 (base 14) to base 13
14b18bc
3013112 (base 4) to base 13
5a65
What is -1270192 (base 10) in base 5?
-311121232
What is -1632404 (base 8) in base 16?
-73504
Convert 13531345 (base 7) to base 2.
100110101101000011011
What is 42962 (base 11) in base 8?
171657
What is -1132212310 (base 4) in base 7?
-3202522
1800d (base 14) to base 9
101740
What is -10210110210010 (base 3) in base 11?
-1158432
What is 13440014 (base 6) in base 9?
764711
3230224 (base 6) to base 13
5779c
-23213201 (base 4) to base 15
-e175
What is 9551c (base 13) in base 8?
1015150
Convert -1312332044 (base 5) to base 12.
-11064b7
Convert d6a77 (base 16) to base 5.
211113343
2363010 (base 8) to base 10
648712
What is -41134c (base 13) in base 7?
-15614200
What is -11350565 (base 7) in base 2?
-11110101000110000110
What is 27478063 (base 9) in base 7?
223243311
What is 321111302321 (base 4) in base 3?
1001021200022112
Convert -1022554345 (base 6) to base 8.
-51071231
Convert -1000011011101101010 (base 2) to base 12.
-113ab6
Convert 880442 (base 9) to base 16.
803ba
Convert 11725267 (base 8) to base 9.
4801882
-180679 (base 10) to base 16
-2c1c7
-102000221012001 (base 3) to base 10
-5864212
41021143 (base 6) to base 7
12636645
What is -2163884 (base 9) in base 11?
-725761
-170142 (base 8) to base 9
-103365
Convert d0ba (base 14) to base 7.
206323
Convert 63556551 (base 7) to base 4.
110210203020
What is 149aaa (base 11) in base 15?
49034
Convert 1400410 (base 5) to base 3.
1102201120
Convert -3320010 (base 8) to base 9.
-1610781
-23182 (base 12) to base 5
-3000043
-33250540 (base 6) to base 10
-1002012
Convert 100113312113 (base 4) to base 7.
51324044
8735293 (base 10) to base 5
4214012133
What is 310304400 (base 5) in base 8?
4634707
Convert -1ac3 (base 16) to base 11.
-5169
What is 110001021100 (base 3) in base 9?
401240
-11110111010101111001101 (base 2) to base 15
-aa16c4
1321121010 (base 4) to base 3
221021001120
-1100001010010100001 (base 2) to base 4
-1201102201
Convert -4fff89 (base 16) to base 4.
-103333332021
What is 214497 (base 12) in base 4?
2000122303
Convert 11110010010000110 (base 2) to base 11.
85212
Convert -11511b6 (base 13) to base 8.
-24304276
What is -662287 (base 13) in base 2?
-1001001010111001111111
-1100021121210 (base 3) to base 8
-2562640
Convert -ba19b (base 12) to base 9.
-413852
Convert -200ba54 (base 12) to base 11.
-342326a
What is -1134630 (base 7) in base 3?
-21021122010
What is 87591 (base 12) in base 4?
223221331
What is -1c58a (base 13) in base 16?
-da4c
What is 4122640 (base 7) in base 8?
1703235
What is -1359a0 (base 11) in base 6?
-4321152
What is 2010220011002 (base 3) in base 2?
100010110001101010001
-2357707 (base 9) to base 10
-1278511
Convert -512331 (base 6) to base 10.
-40735
1374844 (base 10) to base 15
1c2564
Convert -52ca9 (base 13) to base 12.
-72532
Convert -1372b0 (base 13) to base 12.
-1a9770
What is 3d3cc4 (base 15) in base 13?
7c3531
165385 (base 11) to base 5
31143013
Convert 131a35c (base 14) to base 3.
122022220002212
Convert cfbe (base 16) to base 7.
311023
1014414043 (base 5) to base 2
1000000010100000000110
What is -202233221311 (base 4) in base 12?
-3072a71
Convert 3276743 (base 12) to base 14.
13c2db5
What is -341405 (base 8) in base 2?
-11100001100000101
Convert -212010313 (base 4) to base 16.
-26137
Convert -1011111111110110111 (base 2) to base 8.
-1377667
What is -33255131 (base 7) in base 15?
-3ba9db
3cc92c (base 13) to base 16
16a6f6
Convert -9405058 (base 10) to base 9.
-18624274
Convert -1b7521 (base 12) to base 14.
-ca6b7
7544240 (base 8) to base 11
1158807
What is -b37ca (base 14) in base 3?
-210222002021
What is -355270 (base 9) in base 6?
-4325530
What is 306d0 (base 15) in base 2?
100101011101001100
Convert 23532543 (base 7) to base 14.
3c6693
-a29a (base 11) to base 3
-200201222
Convert -105464027 (base 8) to base 11.
-a33225a
What is 244031011 (base 6) in base 13?
c76657
What is 1000001110000 (base 2) in base 16?
1070
Convert -222120021002 (base 3) to base 11.
-32793a
-163448 (base 13) to base 16
-86462
What is 101000100010110011 (base 2) in base 10?
166067
Convert 111011111110001010111 (base 2) to base 11.
1122494
-6600401 (base 7) to base 5
-201310213
Convert -11342 (base 10) to base 11.
-8581
What is -212244522 (base 6) in base 14?
-6da266
What is -12044224 (base 5) in base 11?
-77528
What is -1371c05 (base 13) in base 14?
-b5d537
-114545 (base 6) to base 10
-10145
Convert 1067 (base 15) to base 4.
312100
230332302 (base 4) to base 9
310653
Convert 21248 (base 9) to base 13.
6524
What is -a8933 (base 13) in base 15?
-60469
Convert 307688 (base 9) to base 15.
3927b
Convert 18288b (base 12) to base 6.
12553455
Convert 4b223 (base 16) to base 15.
612b7
Convert 203322323011 (base 4) to base 13.
1c49038
Convert -130211002333 (base 4) to base 6.
-424324051
Convert 2644428 (base 12) to base 4.
130310211200
Convert -150020 (base 10) to base 3.
-21121210022
C